d 13?
13
What is the highest common factor of 940 and 564?
188
What is the greatest common factor of 1305 and 10?
5
Calculate the highest common divisor of 6557 and 83.
83
What is the highest common factor of 568 and 64?
8
Calculate the highest common divisor of 225 and 25.
25
What is the highest common divisor of 44 and 341?
11
Calculate the greatest common divisor of 48 and 128.
16
What is the greatest common factor of 46 and 2967?
23
Calculate the highest common factor of 96 and 24.
24
Calculate the highest common factor of 45 and 795.
15
What is the highest common factor of 5 and 95?
5
Calculate the greatest common divisor of 11129 and 217.
31
What is the highest common factor of 66641 and 103?
103
Calculate the greatest common factor of 1178 and 310.
62
Calculate the highest common factor of 24233 and 11.
11
What is the greatest common divisor of 25 and 45?
5
What is the highest common divisor of 48 and 7284?
12
What is the greatest common factor of 176 and 1694?
22
Calculate the greatest common factor of 1602 and 36.
18
Calculate the greatest common divisor of 47 and 47.
47
Calculate the greatest common divisor of 180 and 105.
15
What is the highest common divisor of 126 and 28?
14
Calculate the highest common factor of 234 and 585.
117
What is the greatest common factor of 588 and 12?
12
What is the greatest common factor of 29 and 178?
1
Calculate the greatest common factor of 14 and 259.
7
What is the highest common factor of 250 and 230?
10
Calculate the greatest common factor of 143 and 44.
11
What is the greatest common divisor of 116 and 725?
29
What is the highest common divisor of 25 and 450?
25
What is the highest common divisor of 7 and 2646?
7
What is the highest common divisor of 8512 and 352?
32
Calculate the greatest common divisor of 1116 and 620.
124
What is the highest common factor of 525 and 840?
105
Calculate the greatest common factor of 192 and 48.
48
Calculate the greatest common factor of 7100 and 100.
100
Calculate the highest common factor of 98 and 6958.
98
What is the highest common divisor of 2147 and 19?
19
Calculate the greatest common factor of 806 and 286.
26
Calculate the highest common factor of 30 and 510.
30
What is the greatest common divisor of 40 and 1208?
8
What is the highest common divisor of 1517 and 185?
37
What is the greatest common factor of 1988 and 56?
28
What is the greatest common factor of 30 and 70?
10
What is the highest common factor of 48 and 192?
48
Calculate the greatest common divisor of 658 and 14.
14
What is the highest common factor of 200 and 16?
8
What is the highest common divisor of 3130 and 70?
10
Calculate the greatest common divisor of 33 and 1177.
11
What is the highest common divisor of 63 and 7?
7
Calculate the highest common divisor of 513 and 27.
27
Calculate the greatest common factor of 170 and 136.
34
What is the greatest common divisor of 71 and 6532?
71
Calculate the greatest common factor of 22 and 1639.
11
What is the highest common factor of 413 and 4425?
59
Calculate the highest common divisor of 72 and 264.
24
Calculate the highest common factor of 18 and 192.
6
What is the greatest common divisor of 3 and 32?
1
Calculate the highest common divisor of 34 and 34816.
34
Calculate the highest common divisor of 192 and 128.
64
What is the greatest common divisor of 14 and 3?
1
What is the greatest common divisor of 2 and 82?
2
What is the highest common factor of 378 and 270?
54
What is the greatest common divisor of 13031 and 83?
83
Calculate the highest common divisor of 25 and 39175.
25
What is the greatest common divisor of 1891 and 62?
31
Calculate the greatest common divisor of 1365 and 3510.
195
What is the greatest common factor of 312 and 488?
8
What is the highest common divisor of 59 and 1003?
59
Calculate the highest common factor of 14 and 3374.
14
Calculate the highest common divisor of 1022 and 70.
14
Calculate the highest common divisor of 48 and 36.
12
Calculate the highest common divisor of 60 and 10760.
20
What is the greatest common divisor of 234 and 858?
78
Calculate the highest common factor of 513 and 17613.
171
What is the greatest common factor of 7 and 7?
7
Calculate the highest common factor of 464 and 78416.
464
What is the highest common divisor of 16 and 624?
16
Calculate the highest common divisor of 51975 and 231.
231
Calculate the greatest common divisor of 9 and 10170.
9
What is the highest common factor of 38 and 4845?
19
Calculate the highest common divisor of 11018 and 42.
14
Calculate the highest common divisor of 154 and 66.
22
What is the greatest common factor of 54 and 3?
3
Calculate the greatest common factor of 2745 and 7503.
183
Calculate the greatest common factor of 53 and 583.
53
Calculate the greatest common factor of 3434 and 404.
202
What is the greatest common divisor of 10255 and 245?
35
Calculate the greatest common divisor of 40000 and 40.
40
Calculate the greatest common factor of 200 and 70.
10
Calculate the greatest common divisor of 3582 and 18.
18
What is the greatest common factor of 165 and 15?
15
Calculate the highest common factor of 11790 and 90.
90
What is the greatest common divisor of 41 and 451?
41
What is the greatest common factor of 575 and 20?
5
Calculate the greatest common factor of 7842 and 3.
3
What is the highest common factor of 9 and 24993?
9
What is the highest common factor of 48 and 492?
12
What is the highest common factor of 2006 and 34?
34
Calculate the highest common factor of 60 and 80.
20
Calculate the highest common divisor of 10 and 510.
10
What is the greatest common divisor of 1122 and 68?
34
What is the greatest common divisor of 255 and 270?
15
What is the highest common divisor of 350 and 84?
14
Calculate the highest common divisor of 6 and 48.
6
What is the greatest common factor of 143 and 110?
11
What is the highest common factor of 31 and 1395?
31
Calculate the greatest common divisor of 95 and 5.
5
Calculate the greatest common divisor of 11861 and 2863.
409
What is the highest common factor of 570 and 171?
57
Calculate the highest common factor of 16576 and 24.
8
What is the highest common divisor of 15568 and 8?
8
What is the greatest common factor of 280 and 105?
35
Calculate the highest common factor of 2065 and 84.
7
What is the greatest common factor of 3366 and 154?
22
What is the highest common factor of 8598 and 6?
6
What is the greatest common factor of 53 and 583?
53
What is the highest common factor of 1829 and 403?
31
What is the highest common divisor of 187628 and 28?
28
What is the highest common factor of 38 and 513?
19
Calculate the highest common divisor of 7020 and 18.
18
Calculate the greatest common divisor of 594 and 27.
27
Calculate the greatest common factor of 261 and 1421.
29
Calculate the highest common factor of 303 and 6161.
101
What is the greatest common factor of 21 and 147?
21
What is the highest common factor of 621 and 81?
27
What is the highest common divisor of 69 and 11247?
69
Calculate the greatest common divisor of 690 and 15525.
345
Calculate the highest common factor of 125 and 200.
25
What is the greatest common divisor of 78 and 1794?
78
Calculate the highest common factor of 35 and 3115.
35
Calculate the highest common factor of 1 and 31.
1
Calculate the greatest common factor of 416 and 156.
52
Calculate the greatest common factor of 20 and 370.
10
Calculate the greatest common divisor of 68 and 17.
17
What is the greatest common divisor of 26 and 52?
26
What is the highest common factor of 285 and 4560?
285
What is the highest common factor of 184 and 40?
8
What is the greatest common factor of 62 and 775?
31
What is the greatest common divisor of 70 and 4990?
10
Calculate the greatest common factor of 66 and 3410.
22
Calculate the highest common factor of 34 and 1632.
34
Calculate the highest common divisor of 36 and 28.
4
What is the highest common divisor of 11754 and 36?
18
Calculate the greatest common divisor of 345 and 483.
69
Calculate the highest common divisor of 5352 and 1.
1
Calculate the highest common divisor of 686 and 637.
49
Calculate the greatest common factor of 340 and 730.
10
Calculate the greatest common factor of 247 and 437.
19
What is the greatest common factor of 58 and 68498?
58